is divided by g.
10
Suppose 0 = -0*g - 2*g + 36. Let j(k) = -196*k**3 - 2*k**2 + 3*k + 5 + 197*k**3 - 16*k. What is the remainder when j(6) is divided by g?
17
Suppose d - 5*b = 802, -46*d - 4*b = -48*d + 1604. Let m = d + -791. Suppose 7*w - 2*w - 205 = 0. What is the remainder when w is divided by m?
8
Suppose -5*r - 115 = -m, 5*m - 72 - 41 = 4*r. Let y = -10517 - -10513. What is the remainder when y/4*(2 + r) is divided by 8?
4
Let y = 6 - -45. Let z(p) = -3*p**2 + 3*p + 12. Let f be z(6). Let s = f - -91. What is the remainder when y is divided by s?
12
Let g(r) = -70*r + 990. Let t be g(14). Let o = 37 + 195. Suppose 22 = -t*k + o. What is the remainder when 41 is divided by k?
20
Let x(q) = 2787*q + 8979. What is the remainder when 1246 is divided by x(-3)?
10
Let g be 4/46 - (-308)/161. Suppose -16*d - g*d + 54 = 0. What is the remainder when 3 is divided by d?
0
Let c = 307 - 634. Let n = c + 451. What is the remainder when n is divided by 2?
0
Let v(p) = p**2 + 25*p + 14. Let z be v(16). Let h = 860 - z. Calculate the remainder when h is divided by 18.
10
Suppose 5*x - 1223 = 2*s, -s - 1224 = 24*x - 29*x. Let t = x + -86. Calculate the remainder when t is divided by 16.
15
Let y = -372 - -409. What is the remainder when y/2*(70/10 - 1) is divided by (1 - (-2 - -4))*-16?
15
Suppose 5*g = 5*a - a - 123, 0 = 3*a + 3*g - 99. Suppose 34*s + 308 = a*s. Calculate the remainder when 27 is divided by 2/(-4) + s/(-28).
2
Suppose -3*t = -5*u - 59, -5*t - 2*u - 40 + 128 = 0. Let m be (t/(-4) - -4)/(2/(-164)). Let q = m + -23. What is the remainder when 35 is divided by q?
17
Let d = -23 + 32. Suppose -g + d = -55. Let z(l) = 3*l**2 + l + 33. Calculate the remainder when g is divided by z(0).
31
Suppose 5*u + 5*d = 127 + 528, -u + d = -125. What is the remainder when u is divided by 13?
11
Let i(w) = 49*w + 1. Suppose -c + 134 = -5*a, 429 = 3*c - 3*a - 3*a. Calculate the remainder when c is divided by i(1).
49
Let l(z) = -z**2 + 29*z - 116. Calculate the remainder when l(11) is divided by 1.
0
Suppose 0*f + l + 802 = 5*f, 4*l = f - 149. Let z = f - 120. Calculate the remainder when z is divided by 11.
8
Let t = -2967 - -3922. What is the remainder when t is divided by 64?
59
Suppose 86*m - 91*m + l + 833 = 0, 2*m - 3*l - 341 = 0. Calculate the remainder when 1139 is divided by m.
143
Suppose a + 4*y = 5*a - 72, 2*y - 52 = -2*a. Calculate the remainder when ((-7)/(-7))/((-83)/(-41) - 2) is divided by a.
19
Let w = 5092 + -4950. Calculate the remainder when w is divided by 122.
20
Let x = 123 + -78. Calculate the remainder when 146 is divided by x/(52/8 - 5).
26
Suppose 905*c = 912*c - 700. What is the remainder when 478 is divided by c?
78
Suppose 2*q - 104 = -2*q - v, v = q - 21. Suppose -9*f = -r - 5*f + 30, 0 = 4*r - 3*f - 172. What is the remainder when r is divided by q?
21
Suppose -4*h - 3*h = -21. Suppose 4*m + 6 = i, -4*i + 5*m = -h*i - 1. Calculate the remainder when 74 is divided by i.
22
What is the remainder when (4 - (5 - 2))/(-3 - (-8312)/2768) is divided by 36?
22
Suppose 4*p + 2*v - v = -371, 0 = -5*v + 5. Let z = p + 155. What is the remainder when z is divided by 4 - (-174)/24*4?
29
Suppose -h + 74 = 2*j, -5*j + 739*h = 742*h - 184. What is the remainder when 186 is divided by j?
34
Let m = 5 - 1. Let y(z) = -4*z**2 + 4*z - 9. Let t(l) = l**2 - 1. Let p(d) = -2*t(d) - y(d). Calculate the remainder when p(m) is divided by 7.
6
Let v = 103 - -89. Let o = v + -138. What is the remainder when o is divided by 8?
6
Let z = 4022 + -3885. Calculate the remainder when 694 is divided by z.
9
Suppose 3*s = -7*s + 3070. Suppose 3*x - s = 3*y - y, -3*x + 310 = y. Let m = x - 87. Calculate the remainder when 59 is divided by m.
11
Suppose 4*t + 352 = 4*s, 4 = s + 2*t - 87. Let k = 144 - s. Calculate the remainder when k is divided by (-2220)/(-296)*56/20.
13
Suppose -4*b - 5*o + 3704 = 953, 2*b + 4*o - 1380 = 0. Suppose -b = -17*d + 8*d. What is the remainder when d is divided by 39?
37
Suppose 2*z - 52 = -4*c, 6*c - 3*c - 2*z - 25 = 0. Let w = -5010 - -5064. What is the remainder when w is divided by c?
10
Let x(i) = -i**3 - 3*i**2 + 8*i - 10. Let n be x(-5). Suppose -12*j + 22*j - 430 = n. Calculate the remainder when 119 is divided by j.
33
Let o = -422 + 443. Calculate the remainder when 1949 is divided by o.
17
Let g be 6/108*6*(-1182)/2. Let h = g - -332. Suppose 0 = 5*a - 4*k - h, -3*a + 4*k + 79 = 2*k. What is the remainder when 86 is divided by a?
17
Let l = 563 + -503. Calculate the remainder when 1/(1/l)*84/20 is divided by 16.
12
Suppose -3*g - 4*t + 1079 = -0*g, 0 = 4*g + 2*t - 1442. Let l = g - 338. What is the remainder when 109 is divided by l?
17
Let n = 900 + -847. Calculate the remainder when 6145 is divided by n.
50
Suppose -41*d = -9*d - 352. Suppose 2*p = -d*p + 221. Calculate the remainder when 67 is divided by p.
16
Let y(r) = -r - 19. Suppose 0 = -4*n - 72 - 20. Let j be y(n). Suppose 0 = j*o - 37 - 79. Calculate the remainder when o is divided by 15.
14
Let n be 78/(-8)*(-2 - 2). Suppose -b + n = 3*w, 0*w + 5*b + 29 = w. Calculate the remainder when 26 is divided by w.
12
Suppose 0 = -0*g - 436*g - 85*g + 108889. What is the remainder when 6476 is divided by g?
206
Suppose d - 38 = 3*k, -2*k + 107 = 97. Let t(h) = h**3 - 13*h**2 - 14*h + 20. What is the remainder when t(15) is divided by d?
48
Let i = -14970 - -20301. Calculate the remainder when i is divided by 157.
150
Let f(p) = 16*p - 4. Let m(j) be the second derivative of 5*j**4/12 + 11*j**3/6 - 27*j**2/2 + j - 38. What is the remainder when f(3) is divided by m(2)?
14
Let h(s) = -2*s**2 - 46*s - 35. Let v be h(-22). Let a(k) = 26*k + 24. Calculate the remainder when a(v) is divided by 37.
36
Let b(s) = -10*s + 4. Suppose -5*h = 121 - 16. Let m(d) = 3*d + 50. Let c be m(h). Calculate the remainder when b(c) is divided by 27.
26
Let d = 1844 + -1710. What is the remainder when d is divided by 123?
11
Suppose 0 = -2*g + t + 212, 0 = g - 2*t + 6*t - 106. Suppose g*f - 96 = 104*f. What is the remainder when 247 is divided by f?
7
Let w = -7541 + 8456. Calculate the remainder when w is divided by 21.
12
Let z be 232/10 - (-60)/75. Let y be z/60 + (-173)/(-5). Suppose -3*l - 3*a + y = a, -16 = -2*l + a. Calculate the remainder when l is divided by 3.
0
Let b = -1319 + 1483. Suppose 2*c = 8*n - 10*n + b, n = -3*c + 88. What is the remainder when n is divided by ((-40)/(-2))/(1/1)?
19
Suppose -570*k = -562*k + 96. Let c(l) = -l**2 - 17*l + 35. Calculate the remainder when 283 is divided by c(k).
93
Let g be (1/(-3))/(4 - (-266)/(-66)). Let n be (-2 - 2)/1*g/(-22). Suppose 0 = n*v - 11*v + 531. What is the remainder when v is divided by 20?
19
Let z be 228/24 + (1 - (-1)/(-2)). Let a(o) = 97*o**2 - 4*o - 1. Let i be a(-3). Suppose -i = -z*x - 204. What is the remainder when x is divided by 10?
8
Let g = 9188 - 8300. What is the remainder when g is divided by 219?
12
Let s = -300 - -445. Let y = -136 + s. Suppose 4*h + 3 + 9 = -i, -5 = h. What is the remainder when y is divided by i?
1
Suppose 115 = -0*k + 5*k. Let g(j) = -3*j**3 - 54*j**2 + 2. Let q be g(-18). Calculate the remainder when 60 - (-2 - (-1 + q)) is divided by k.
17
Suppose -2*n - 3*w = -1447, -8*n + w = -11*n + 2160. What is the remainder when n is divided by 180?
179
Suppose -3*o - 71 = -377. Let m(v) = -8*v**3 + 26*v**3 - 33 - 4*v + 17*v**2 - 12*v**3 - 5*v**3. Calculate the remainder when o is divided by m(-17).
32
Let c be -5 - (5 + -2 + -12). Suppose -2*i + 25 = -357. Suppose -3*g + 10 = -g, c*q - i = -3*g. What is the remainder when q is divided by 12?
8
Let n(p) = 2*p**2 - 7*p + 5. Suppose 2*d = -3*d + 10. Suppose -6 - d = -2*x. What is the remainder when n(4) is divided by x?
1
Suppose 5*w - 2132 = -3*j, 47*w - 44*w = -15. What is the remainder when j is divided by 16?
15
Let a be 120/(-80)*(-2)/3 - 1. Calculate the remainder when (a - (-172)/14)*7 is divided by 18.
14
Calculate the remainder when -1 + (-12612)/(-21) + 76/(-133) is divided by 101.
94
What is the remainder when 1594 is divided by (64/(-3))/(3*(98/63)/(-14))?
58
Let f = 3145 + -3052. Calculate the remainder when 437 is divided by f.
65
Let y = 13 - 139. Let k(o) = -88*o - 477. Let d be k(-5). Let n = d - y. What is the remainder wh